 50 - d. What are the prime factors of z?
2, 5
Let n be ((-9)/(-6))/(3/6). List the prime factors of n/(3/(-2) + 2).
2, 3
Let n(g) be the first derivative of g**4/4 + g**3/3 + 5*g + 2. Let v be n(0). Suppose -x = v*i - 26, 4*x - i - 20 = -0*x. List the prime factors of x.
2, 3
Let j be (-13)/(-3) - 3/9. Suppose 0 = 2*a - j*a. Suppose -5*h = -2*s - 18, -24 = -5*h - 4*s - a*s. List the prime factors of h.
2
Let f(w) be the third derivative of -w**6/120 + w**5/10 + 5*w**4/12 - w**3/6 - 3*w**2. List the prime factors of f(7).
2, 5
Let d be 3/3*(-1 - -6). Suppose 4*y - 27 = 5*k, 2*y + d*k = k + 20. List the prime factors of y.
2
Suppose 3*d = 247 + 278. What are the prime factors of d?
5, 7
Suppose -s = 3*s - 44. Suppose 3*w - s = 7. Let h(u) = u**3 - 5*u**2 - 4*u. List the prime factors of h(w).
2, 3
Let v(p) = p**2 - 5*p - 1. Let y be (-4)/12 - 38/(-6). Let c be v(y). Suppose q = c - 1. What are the prime factors of q?
2
Let g be ((-70)/4)/(-5)*6. Let z = g - 14. List the prime factors of z.
7
Suppose 113 = 7*j - 167. What are the prime factors of j?
2, 5
Let a = 4 - 10. Let w = a + 11. List the prime factors of 0 + -2 + 0 + w.
3
Let y(k) be the first derivative of 1 + 3*k**2 - 2*k - 7*k**2 + k. List the prime factors of y(-1).
7
Suppose -6*j + 1179 = 369. What are the prime factors of j?
3, 5
Let g(d) = d**2 - 6*d - 5. Let w be g(7). What are the prime factors of 58/3 + w/(-6)?
19
Suppose -5*f = 5*r + 20, -2*r - 13 = 2*f + f. Suppose -3 + r = -a. Suppose 5*n + 0 = -w - 8, a*n = 4*w - 56. What are the prime factors of w?
2, 3
Let i be 2 - -32 - (2 + 0). Suppose 0 = -4*m - 0*m + i. What are the prime factors of m?
2
Let o = 2 - 2. Suppose -5*c = -o*c - 15, 0 = -3*l + 4*c - 51. Let u = l - -21. What are the prime factors of u?
2
Suppose -2*d = 5*i - 29, 2*d + 0 - 2 = 4*i. Suppose -z + d = 51. What are the prime factors of z/(-10) + (-8)/20?
2
Suppose 0*r = r + p - 46, -4*r + 174 = -p. List the prime factors of r.
2, 11
Suppose 4*v - 12 = 0, 2*v + 9 = 7*h - 2*h. Suppose 0 = -h*k + 12, -47 + 4 = -p - 5*k. Suppose -p - 17 = -2*f. What are the prime factors of f?
2, 5
Let f(u) = -8*u + 107. What are the prime factors of f(-25)?
307
Suppose -d = 4*d - 80. List the prime factors of d.
2
Let w(d) be the second derivative of -d**7/2520 + d**6/90 - 3*d**5/40 + d**4/12 - d. Let r(v) be the third derivative of w(v). List the prime factors of r(6).
3
What are the prime factors of (124/(-6))/(11/(-33))?
2, 31
Let f(h) = -h + 8. Let t be f(6). Suppose m - 2 = -0, 3*m = t*d - 6. List the prime factors of d.
2, 3
List the prime factors of ((-16)/3)/((-22)/33).
2
Suppose 25 = -5*y, 4*y + 2 + 18 = -2*r. Suppose -5*c - 4*b + 37 = r, -b = -5*c - 2*b + 28. List the prime factors of c.
5
Suppose -x = -0*x. Suppose x = -y - 0*y + 43. List the prime factors of y.
43
Let m(i) = i**2 + 13*i + 5. Let c be m(-9). Let z = -15 - c. What are the prime factors of z?
2
Suppose 111 = 4*p - 181. What are the prime factors of p?
73
Let m(h) be the third derivative of -3*h**4/8 + h**3/6 - 6*h**2. Suppose -l - 4*f = 5, -f - 3*f = -3*l + 1. List the prime factors of m(l).
2, 5
Let w(s) be the second derivative of -7/2*s**2 - 1/3*s**3 + 2*s + 0. List the prime factors of w(-6).
5
List the prime factors of 790/11 - (-8)/44.
2, 3
Let d(v) = -v + 3. Let j be d(3). Suppose -s + 18 = s. Suppose -i + 0 + s = j. List the prime factors of i.
3
Let r(l) = l**2 + 17*l + 14. List the prime factors of r(-21).
2, 7
Let p = -36 + 278. List the prime factors of p.
2, 11
Let t be (-5)/3 + (-4)/(-6). Let g(j) be the second derivative of -j**5/2 + j**4/12 - j. What are the prime factors of g(t)?
11
Suppose l = -12 - 1. Let m be (-86)/4 + (-1)/(-2). Let g = l - m. What are the prime factors of g?
2
Suppose 0 = 2*o + 4 - 38. Let z(b) = -b**2 - 5*b - 2. Let h be z(-6). Let a = o + h. List the prime factors of a.
3
Suppose 0 = 5*c + 4*i - 1336, 796 = 3*c - 5*i + 6*i. List the prime factors of c.
2, 3, 11
Let s = -14 + 17. Suppose 4*v - 3*y = s*v - 1, -2*v - 3*y = -7. List the prime factors of v.
2
What are the prime factors of -1 - -39 - 18/9?
2, 3
Suppose 0 = 8*j - 4*j - 512. What are the prime factors of j?
2
Let n(a) = -2*a**3 - 4*a**2 - 3*a - 2. Let u be n(-2). Suppose -2*w = 2*w - 5*p - 52, 2*w + u*p = 26. List the prime factors of 1 + w/(-3)*-3.
2, 7
Let u(o) = o - 3 + 4 + 12. What are the prime factors of u(14)?
3
Let h be (-16)/(-7) + 8/(-28). Let l(v) = -2*v - 6 + 3 + 4 + 4*v**h. What are the prime factors of l(2)?
13
Let u(v) = v**2 + 7*v - 2. Let r be u(-7). Let l be (r - -3)*(-2)/(-1). List the prime factors of (7/(-1))/(l/(-2)).
7
Suppose 6*t + s - 461 = 4*t, -2*s + 2 = 0. What are the prime factors of t?
2, 5, 23
Let n = -2 + 3. Let g = n + -1. Suppose g = q - 7 - 2. What are the prime factors of q?
3
Let k be 3 + (2 - -1 - 2). Suppose -5*i = -k*i. Let u = i - -2. What are the prime factors of u?
2
Let m(l) = -l**3 + 6*l**2 - 4*l. Let g = 8 - 3. What are the prime factors of m(g)?
5
Suppose 81 = 6*l - 3*l. List the prime factors of l.
3
Let v = -34 + 84. Suppose 0*x - 90 = -3*x. List the prime factors of (24/x)/(4/v).
2, 5
Let z = -39 + 65. List the prime factors of z.
2, 13
Let s(q) = -4*q - 13. Let b be s(-9). List the prime factors of 1/((3/b)/3).
23
What are the prime factors of (-248)/(-18) + (-2)/(-9)?
2, 7
Let z(s) = -s**3 - 8*s**2 - 6*s - 8. List the prime factors of z(-8).
2, 5
Let a be (-2)/12 - (-65)/30. Suppose -4*l + 5*l + s - 32 = 0, 2*s + 52 = a*l. List the prime factors of l.
29
Suppose -4*l = -8 + 40. Let s = 19 + l. List the prime factors of s.
11
Suppose 4*c = -5*r + 4*r + 53, 0 = 4*r - 5*c - 107. Suppose 0 = 2*w - r + 3. What are the prime factors of w?
3, 5
Let w be (-2)/(2 - (-22)/(-12)). Let n = w - -27. List the prime factors of n.
3, 5
Suppose g = -3*g. Suppose g = -h + 3 + 1. Suppose 0*p = h*p - 24. What are the prime factors of p?
2, 3
Let t(h) = h - 3. Let k be t(-13). Let w = k - -52. What are the prime factors of w?
2, 3
Let d = -80 + -25. Let h = -72 - d. List the prime factors of h.
3, 11
Let j = 22 - 6. Let l = j + 0. List the prime factors of l.
2
Let b(f) = -4*f + 28. Let l be b(7). Let d = 14 + -8. Suppose -n + 5*c = l, 3*n - 3*c - d = 2*n. List the prime factors of n.
3, 5
Let y = -165 + 240. List the prime factors of y.
3, 5
Let w be ((-6)/21)/(1/(-7)). Suppose 3*m + t = 4*m - 14, t = w. What are the prime factors of m?
2
Let i be (-61)/7 - 4/14. Let x be (1/3)/((-1)/i). Suppose -5*n - 5*t + 4*t = -103, x*t = 2*n - 48. List the prime factors of n.
3, 7
Let i(h) = h. Let u be i(2). Let j be (34/(-4))/(1/u). Let z = -12 - j. List the prime factors of z.
5
Suppose 0 = 5*j - 0 - 10. List the prime factors of j.
2
Suppose -q + 12 = -0. Suppose -4*x = -4*s + 28, 5*x + 56 = s + 9. Let t = q + x. List the prime factors of t.
2
Let a = -250 - -354. Suppose 29 = -5*l + a. List the prime factors of l.
3, 5
Let o be (-4)/(-6) - (-100)/12. Suppose r + q - o = 2, 0 = r + 5*q - 27. What are the prime factors of r?
7
Let a(n) = 21*n**2 + 3*n + 2. List the prime factors of a(-1).
2, 5
Let k be 9 + (0 - -3) + 2. Suppose -58 - k = -2*r - 3*n, -4*r + 144 = n. List the prime factors of r.
2, 3
Let z = -2 - 2. What are the prime factors of 42/z*(3 + -5)?
3, 7
Suppose 3*j + 16 = 2*s, -5*s + 3*j + 26 = 4. List the prime factors of 16 + s + -3 + -1.
2, 7
Let l = 5 + -18. Let u = -4 - l. List the prime factors of u.
3
What are the prime factors of (4/4)/((-1)/(-71))?
71
Let l(j) = j**2 + 3*j - 1. Let m = 1 + -5. Let u be l(m). What are the prime factors of 3/(0 + 1/u)?
3
Let f = 11 - 11. Suppose -4*r + 3*r + 19 = f. List the prime factors of r.
19
Suppose 1800 = 5*k + 3*z, 0*z = 3*z. What are the prime factors of 14/49 - k/(-14)?
2, 13
List the prime factors of 22 + -1*(0 + (1 - 2)).
23
Suppose 0 = 5*y - f - 24, -y = 2*y + f - 8. Let t(p) = -p + 3. Let x be t(y). What are the prime factors of (-2 + x)*(-10)/6?
5
Let j(m) = 2*m**2 + 2*m - 1. Let i be j(4). Let u = 75 - i. List the prime factors of (1 + u/(-10))*-5.
13
Let h(i) = -2*i**2 + 3*i - 2. Let k be h(2). Let o be (-8)/(-40) - (-11)/(-5). Let n = o - k. What are the prime factors of n?
2
Suppose h = 6*h - 10. Suppose b - 7*k + h*k = -8, 5*b + 3*k - 16 = 0. What are the prime factors of b?
2
Suppose -y - 5*f + 256 = 0, -2*y